nd m?
2
Suppose 4*c + 4*n = 1332, 216 = 2*c - 2*n - 438. What is the greatest common factor of c and 90?
30
Let b = 20 - 26. Let q be ((-4)/b)/(4/(-6)). Let s be (-14)/((-4)/2 - q). What is the greatest common divisor of s and 35?
7
Let n be (1496/119)/22 + (-3286)/(-7). What is the highest common divisor of 282 and n?
94
Let b(v) = 2*v**3 - 47*v**2 - 7*v - 345. Let n be b(24). Calculate the highest common factor of n and 18.
9
Let b = -26 - -50. Let l(v) be the first derivative of 5*v**2/2 + v + 18. Let j be l(3). Calculate the highest common factor of j and b.
8
Suppose m + 4950 = 4*l, -5*l + 5126 + 1066 = m. Suppose 4*u - l = -354. Calculate the highest common factor of 17 and u.
17
Let k = 257 - 236. What is the greatest common factor of 105 and k?
21
Let g = -394 - -738. What is the greatest common divisor of 43 and g?
43
Let q(c) = 4*c - 5. Let w be q(10). Let m = -14 + w. Calculate the greatest common factor of 147 and m.
21
Let f be (-2 + 2 - 1)/(10/(-70)). Suppose f*h = 9*h - 352. Suppose 2*n = 2*y - 28, 2*y - 49 = -4*n - 9. What is the highest common factor of y and h?
16
Suppose 93*s - 144 = 90*s. Calculate the greatest common factor of 84 and s.
12
Suppose -4*a = -7*a + 210. What is the greatest common factor of 30 and a?
10
Let k = -127 - -192. Suppose k = 3*v + 5. Let s(z) = z + 10. Let p be s(-6). What is the greatest common divisor of p and v?
4
Let v = -207 + 227. What is the greatest common divisor of v and 55?
5
Let v(w) = -61*w + 2497. Let s be v(40). Let k = -13 + 32. What is the highest common factor of s and k?
19
Let w be (-17 - 0)*2/2. Let z = w - -18. Let s be -1*((-6)/1 - -1). Calculate the greatest common factor of s and z.
1
Suppose -3*w + 6 = 2*x, -2*w + 2*x - 3*x = -3. Suppose w = 3*z - 45 - 0. What is the highest common divisor of z and 165?
15
Let f = -7 + 9. Suppose -216 = -f*y - y. Suppose 2*s - 32 = -2*s. What is the highest common divisor of s and y?
8
Suppose -5*t = -9 - 11. Suppose 236 = 4*z + 4*j, -t*z + z + j = -197. Calculate the greatest common factor of z and 8.
8
Suppose 61 = 4*x - 5*r, 13 + 7 = -4*r. Let o(k) = k + 19. Let f be o(x). Calculate the greatest common divisor of 7 and f.
7
Let j = 161 - 147. Suppose 0 = 5*w - 3*w - b - 201, 0 = -w - b + 93. Calculate the highest common factor of w and j.
14
Let h(q) = 3*q + 10. Let g be h(-5). Let j be (-142)/g + 12/(-30). Calculate the greatest common factor of 4 and j.
4
Let y = 177 + -74. Let j = y + -58. Suppose 0 = 5*u + 5*m - j, 3*u - m - 35 = -8. What is the greatest common factor of 27 and u?
9
Let s(x) = 11*x**3 - x**2 + x + 4. Suppose -7*a + 17 = 3. Let h be s(a). What is the greatest common factor of h and 54?
18
Suppose -14*s - 3*s + 4896 = 0. What is the highest common divisor of s and 64?
32
Let f = -30 - -35. Suppose 4*o - f*d = 518, 117 + 539 = 5*o - 2*d. Calculate the greatest common factor of 12 and o.
12
Suppose -5*l + 27 = -33. Suppose 8*b = l + 28. What is the highest common divisor of b and 35?
5
Suppose -4*p + 20 = -t - 0*t, -p - 2*t = 4. Suppose 3*n - 11 = d, n - d - 13 = p*d. Suppose 5*y = n*y + 36. What is the highest common divisor of y and 9?
9
Suppose 5*r - 54 = -r. Suppose -80 = -3*o - g, 4*o - 2*g = 2*o + 40. Let l = o + r. What is the greatest common divisor of 51 and l?
17
Suppose 2*j - 2240 = -30*j. What is the highest common factor of 20 and j?
10
Let o = 426 + -241. Let z = 300 - o. What is the highest common factor of 5 and z?
5
Suppose 43*u = 45*u + 8, -u - 104 = -5*a. Calculate the greatest common divisor of 10 and a.
10
Let l be (-67)/(-2) + (-30)/20. Let v be (-20 - -4)/4*-2. Calculate the greatest common divisor of l and v.
8
Suppose -21 = -5*d - 3*b + 20, 16 = d - 2*b. Let h be (0/(-1) + 2)/(d/210). Calculate the greatest common divisor of h and 105.
21
Let z = -61 + 0. Let h = 133 + z. Let l be 9/(-4)*h/(-27). Calculate the greatest common divisor of 4 and l.
2
Let c = 248 - 55. Suppose -5*u = -4*w - 215 - c, 327 = 4*u - 3*w. What is the greatest common divisor of 24 and u?
12
Let r(d) = -d + 37. Let l be r(27). Calculate the highest common factor of 10 and l.
10
Let x = -641 + 747. What is the highest common factor of x and 6?
2
Suppose 15*o - 18090 + 17910 = 0. Suppose -2*l = -l - 3. Suppose 0 = 5*b - b + 12, -l*b = -5*x + 69. What is the highest common factor of x and o?
12
Suppose -l = -5*c + 126, 5*l = c - 19 - 11. Let x = c + -5. Calculate the greatest common divisor of 5 and x.
5
Suppose -4*a = 4*t - 100, 52 = -4*a + 5*t + 107. Calculate the greatest common factor of a and 310.
10
Let w(f) = 5*f**2 + 61*f + 6. Let i be w(-16). What is the highest common divisor of 10 and i?
10
Suppose 5*n - 16 = 44. Let m(j) = -j - 6. Let z be m(-11). Suppose -z*s + 134 = 2*u + u, u - 44 = -2*s. Calculate the greatest common factor of u and n.
12
Let o(s) = 3*s**3 - 61*s**2 + 23*s - 45. Let u be o(20). Calculate the highest common factor of 1215 and u.
15
Let w = -34 - -55. Suppose 3*n - 7*n + 68 = 0. Suppose -39 = -8*b + n. Calculate the greatest common divisor of w and b.
7
Let j(s) = -s + 6. Let l be j(9). Let d = l + 4. Let w(t) = 8*t. Let z be w(1). Calculate the highest common divisor of z and d.
1
Let j = 104 + -55. Suppose j = 4*o - 31. Calculate the highest common factor of 5 and o.
5
Suppose -89*q + 13650 = -68*q. Calculate the highest common divisor of q and 50.
50
Let h be ((-8)/(-1))/(126/(-28) - -5). Calculate the greatest common divisor of 256 and h.
16
Let w = -8 - -20. Suppose 3*r + 306 = 5*l, 0*r = -3*l + 4*r + 188. What is the highest common factor of w and l?
12
Suppose 422*t - 438*t = -288. Let j = 21 - 15. What is the highest common divisor of t and j?
6
Suppose -3*q = 3*g - 174, -g + 4*q + 19 = -24. What is the highest common factor of g and 22?
11
Suppose 24*a - 3146 = -2*a. Let m(f) = 7*f**3 - f**2 + 3*f - 3. Let n be m(2). Suppose -5*p + 0*p + n = 0. Calculate the highest common factor of a and p.
11
Let b be (-117)/(-6) - (-1)/(-2). Let d be (-3)/((-3)/2) + 12. Let z = b - d. What is the highest common factor of z and 55?
5
Suppose 108*g + 9204 = 114*g. What is the greatest common factor of 52 and g?
26
Let l(d) = d**2 - 5*d + 2. Let z be l(7). Let a be 1 + 3 + -3 + 7 + 40. What is the highest common divisor of z and a?
16
Suppose 0 = 6*a - 10*a + 12. Suppose 0 = a*z - 22 + 1. Let q = -55 - -90. What is the greatest common divisor of q and z?
7
Let c(m) = m**3 - 2*m + 18. Let h be c(0). What is the highest common divisor of h and 927?
9
Let z = -30 + 37. What is the greatest common divisor of 161 and z?
7
Suppose -20 = -w + 230. Calculate the greatest common divisor of w and 150.
50
Let q(y) = y**2 - 7*y + 10. Let t be q(9). Suppose -60 - t = -4*f. What is the highest common divisor of 44 and f?
22
Let r(o) = o**2 + 8*o - 4. Let y be r(-11). Suppose -6*u = -79 - y. Calculate the highest common divisor of u and 9.
9
Let n = 2 - -5. Suppose 98 = 6*i - 4*i. Let u = i + n. What is the highest common factor of u and 8?
8
Let b = -20 + 18. Let y be (31 + -13)/(b + (0 - -4)). What is the greatest common factor of y and 63?
9
Let n(m) = 59*m**2 - 62*m - 366. Let f be n(-6). What is the greatest common factor of 60 and f?
30
Let s be (-13310)/(-99) - (-4)/(-9). Calculate the greatest common divisor of 201 and s.
67
Let n(h) = 15*h + 5. Let r be n(1). What is the greatest common divisor of r and 740?
20
Suppose -2*g = -3 - 7, -3*p - 4*g - 97 = 0. Let z = 26 - p. Suppose -6*t + 39 = -3*t. What is the greatest common factor of z and t?
13
Suppose -23 + 29 = h. Let s be 196/h + ((-20)/(-6) - 3). Calculate the greatest common factor of 55 and s.
11
Let l be (-160)/3 + (-2 - (-35)/15). Let u = 110 + l. Calculate the highest common divisor of u and 513.
57
Let h(c) = -c. Let n(p) = 5*p + 2. Let l(f) = -14*h(f) - 2*n(f). Let o be l(2). What is the greatest common divisor of o and 28?
4
Let p be (17/6 - 7/21)*2. Suppose -3*i - 4*j = -77, 3*i - 8 = -p*j + 74. What is the highest common divisor of i and 57?
19
Suppose -2*w - 116 = -3*s, -s + 57 = -w + 19. Let y be (-5 + -3)/((21/(-12))/7). Calculate the greatest common factor of y and s.
8
Let g(h) = -13*h + 141. Let x be g(10). Let z = 9 + 12. Suppose 0 = -q - 3*d + z, 2*q = -d - 2*d + 54. What is the highest common factor of q and x?
11
Let g be 14*(3 + 1 